?
4
What is the hundred thousands digit of 1127418909?
4
What is the hundreds digit of 80518804?
8
What is the ten thousands digit of 4707976?
0
What is the ten millions digit of 63844960?
6
What is the hundreds digit of 86530814?
8
What is the millions digit of 152827218?
2
What is the billions digit of 2936506543?
2
What is the billions digit of 1058390087?
1
What is the tens digit of 2296504528?
2
What is the hundred thousands digit of 142895606?
8
What is the ten thousands digit of 361772270?
7
What is the millions digit of 348899201?
8
What is the ten thousands digit of 4786290665?
9
What is the millions digit of 50906262?
0
What is the hundred millions digit of 1774124253?
7
What is the ten thousands digit of 2456686003?
8
What is the hundreds digit of 17478826?
8
What is the ten thousands digit of 7638472002?
7
What is the units digit of 201166965?
5
What is the millions digit of 108588789?
8
What is the millions digit of 1323256731?
3
What is the ten millions digit of 72802940?
7
What is the hundred thousands digit of 738387202?
3
What is the tens digit of 1906745439?
3
What is the units digit of 2294880854?
4
What is the hundreds digit of 38286971?
9
What is the millions digit of 5058035?
5
What is the ten thousands digit of 1109440074?
4
What is the hundreds digit of 137096915?
9
What is the units digit of 411654194?
4
What is the units digit of 1419619060?
0
What is the thousands digit of 135309376?
9
What is the millions digit of 356793270?
6
What is the hundred thousands digit of 12820384?
8
What is the hundred millions digit of 127718131?
1
What is the hundreds digit of 3243430200?
2
What is the ten millions digit of 4017191989?
1
What is the ten thousands digit of 686167236?
6
What is the ten millions digit of 212708518?
1
What is the thousands digit of 59171764?
1
What is the ten thousands digit of 3985785?
8
What is the thousands digit of 181561043?
1
What is the hundred thousands digit of 96178732?
1
What is the hundred millions digit of 6486933706?
4
What is the ten millions digit of 225786977?
2
What is the millions digit of 117404360?
7
What is the ten millions digit of 73338023?
7
What is the hundreds digit of 706403886?
8
What is the millions digit of 245314663?
5
What is the hundred thousands digit of 6124958940?
9
What is the units digit of 403692444?
4
What is the billions digit of 1255443879?
1
What is the hundred thousands digit of 2428668789?
6
What is the millions digit of 2073736955?
3
What is the ten thousands digit of 157006344?
0
What is the ten millions digit of 412066506?
1
What is the ten millions digit of 19240011?
1
What is the thousands digit of 18113222?
3
What is the tens digit of 2290874283?
8
What is the ten thousands digit of 133004664?
0
What is the hundred thousands digit of 758633113?
6
What is the hundreds digit of 58791213?
2
What is the millions digit of 54482185?
4
What is the hundreds digit of 9221719?
7
What is the hundreds digit of 157677415?
4
What is the billions digit of 6524997434?
6
What is the millions digit of 31642899?
1
What is the hundreds digit of 642673506?
5
What is the hundreds digit of 3818445?
4
What is the hundred thousands digit of 683055098?
0
What is the hundred millions digit of 7107766365?
1
What is the hundreds digit of 244118094?
0
What is the thousands digit of 69082291?
2
What is the ten millions digit of 91933984?
9
What is the units digit of 58995916?
6
What is the hundred thousands digit of 218614101?
6
What is the hundreds digit of 2511127?
1
What is the tens digit of 65645828?
2
What is the units digit of 60193041?
1
What is the ten thousands digit of 158668713?
6
What is the ten millions digit of 375866743?
7
What is the hundred thousands digit of 388525880?
5
What is the hundred thousands digit of 16966048?
9
What is the tens digit of 1579440288?
8
What is the thousands digit of 15999461?
9
What is the tens digit of 20273847?
4
What is the thousands digit of 168927305?
7
What is the thousands digit of 3968905714?
5
What is the hundred millions digit of 2126183107?
1
What is the hundred millions digit of 138934540?
1
What is the units digit of 1679325212?
2
What is the thousands digit of 1038874271?
4
What is the tens digit of 443118519?
1
What is the hundreds digit of 4357173986?
9
What is the ten thousands digit of 350948778?
4
What is the thousands digit of 4266802448?
2
What is the hundred thousands digit of 93109215?
1
What is the units digit of 61860917?
7
What is the thousands digit of 567811045?
1
What is the billions digit of 4953636106?
4
What is the thousands digit of 786384449?
4
What is the ten thousands digit of 187611600?
1
What is the hundred thousands digit of 138350648?
3
What is the hundreds digit of 62821612?
6
What is the hundred millions digit of 114803527?
1
What is the millions digit of 189841848?
9
What is the tens digit of 1197143901?
0
What is the hundreds digit of 2473578296?
2
What is the hundred millions digit of 995919847?
9
What is the ten millions digit of 209722110?
0
What is the hundreds digit of 10199574?
5
What is the ten millions digit of 887929801?
8
What is the thousands digit of 879647823?
7
What is the thousands digit of 709361555?
1
What is the units digit of 4175199281?
1
What is the hundred thousands digit of 23110461?
1
What is the hundred thousands digit of 413111851?
1
What is the ten millions digit of 811173208?
1
What is the units digit of 18187228?
8
What is the tens digit of 16207538?
3
What is the ten millions digit of 34951494?
3
What is the ten millions digit of 97358114?
9
What is the millions digit of 125320409?
5
What is the tens digit of 540570065?
6
What is the hundred thousands digit of 146906714?
9
What is the units digit of 2228320242?
2
What is the hundred millions digit of 3201336953?
2
What is the ten thousands digit of 3421089987?
8
What is the millions digit of 2803900850?
3
What is the ten thousands digit of 419533453?
3
What is the hundreds digit of 90154504?
5
What is the hundred millions digit of 391543557?
3
What is the hundred thousands digit of 1182626933?
6
What is the thousands digit of 104164310?
4
What is the ten thousands digit of 815042390?
4
What is the hundred millions digit of 127324497?
1
What is the hundred thousands digit of 73851012?
8
What is the hundreds digit of 1144425032?
0
What is the ten millions digit of 3530415047?
3
What is the thousands digit of 351473753?
3
What is the tens digit of 94585045?
4
What is the units digit of 28364788?
8
What is the millions digit of 8920312147?
0
What is the hundred thousands digit of 1528056164?
0
What is the thousands digit of 2015477471?
7
What is the tens digit of 633845166?
6
What is the tens digit of 905450273?
7
What is the ten thousands digit of 7071966404?
6
What is the millions digit of 788183954?
8
What is the ten thousands digit of 303289380?
8
What is the units digit of 777513709?
9
What is the thousands digit of 1230418771?
8
What is the tens digit of 11709579?
7
What is the units digit of 328523914?
4
What is the thousands digit of 9333120?
3
What is the thousands digit of 300273550?
3
What is the hundreds digit of 62229577?
5
What is the ten thousands digit of 22847964?
4
What is the ten millions digit of 153434882?
5
What is the hundreds digit of 343683331?
3
What is the billions digit of 6321556049?
6
What is the tens digit of 148683418?
1
What is the ten thousands digit of 3427223343?
2
What is the billions digit of 5477802632?
5
What is the ten thousands digit of 788636435?
3
What is the hundred thousands digit of 586677492?
6
What is the millions digit of 372385069?
2
What is the hundred thousands digit of 8375150145?
1
What is the hundreds digit of 1157948408?
4
What is the tens digit of 189515313?
1
What is the millions digit of 5107350202?
7
What is the hundred thousands digit of 7421744?
4
What is the hundreds digit of 2821593275?
2
What is the hundreds digit of 600861965?
9
What is the hundred millions digit of 3895011487?
8
What is the thousands digit of 4678692170?
2
What is the millions digit of 1496984562?
6
What is the thousands digit of 2898224980?
4
What is the hundreds digit of 50741545?
5
What is the thousands digit of 431644201?
4
What is the units digit of 219658526?
6
What is the hundred 